{"id":5577,"date":"2020-04-28T07:52:17","date_gmt":"2020-04-28T05:52:17","guid":{"rendered":"https:\/\/www.perfectvanwamel.com\/product\/schlegelmulcher-kr-serie\/"},"modified":"2022-11-30T21:44:22","modified_gmt":"2022-11-30T20:44:22","slug":"schlegelmulcher-kr-serie","status":"publish","type":"product","link":"https:\/\/www.perfectvanwamel.com\/de\/produkt\/schlegelmulcher-kr-serie\/","title":{"rendered":"KR-Serie, Schlegelmulcher f\u00fcr Front- und Heckanbau"},"content":{"rendered":"<p>Der KR ist mit einem schweren Antrieb mit 1000 Umdrehungen ausger\u00fcstet. Durch die automatische Keilriemenspannung kann die Maschine mit hoher, dauerhaft verf\u00fcgbarer Leistung aufwarten.<\/p>\n<p>Dieser Schlegelmulcher ist serienm\u00e4\u00dfig mit 0,9\u00a0kg schweren Schlegeln ausgestattet, kann aber auch mit Flex-Schlegeln geliefert werden, die ausgezeichneten Schutz vor Sch\u00e4den durch Steine und andere Objekte bieten.<\/p>\n<p>Die Schlegelwelle ist zweifach ausgewuchtet und damit weitestgehend vor Unwucht gesch\u00fctzt\u00a0\u2013 was nat\u00fcrlich die Lebensdauer der Lager und der Maschine als Ganzes verl\u00e4ngert.<\/p>\n","protected":false},"excerpt":{"rendered":"<p>Der KR ist ein sehr robuster Schlegelmulcher mit Arbeitsbreiten bis 3\u00a0m. Er ist sowohl f\u00fcr den Front- als auch f\u00fcr den Heckanbau geeignet. Dank des serienm\u00e4\u00dfig vorhandenen Hydraulikauslegers kann dieser Mulcher auch gr\u00f6\u00dfere Breiten abdecken.<\/p>\n","protected":false},"featured_media":13273,"template":"","meta":{"_acf_changed":false},"product_brand":[],"product_cat":[1231],"product_tag":[],"class_list":{"0":"post-5577","1":"product","2":"type-product","3":"status-publish","4":"has-post-thumbnail","6":"product_cat-schlegelmulcher","7":"pa_aftakas-opm-540-de","8":"pa_denkende-schijf-nein","9":"pa_gewicht-kg-1020-de","10":"pa_gewicht-kg-930-de","11":"pa_gewicht-kg-975-de","12":"pa_hefinrichting-tractor-cat-ii-de","13":"pa_max-verstrek-midden-cm-135-de","14":"pa_max-verstrek-midden-cm-160-de","15":"pa_max-verstrek-midden-cm-190-de","16":"pa_min-benodigd-vermogen-kw-pk-33-45-de-2","17":"pa_min-benodigd-vermogen-kw-pk-40-45-de","18":"pa_min-benodigd-vermogen-kw-pk-48-65-de","19":"pa_totale-breedte-cm-261-de","20":"pa_totale-breedte-cm-286-de","21":"pa_totale-breedte-cm-316-de","22":"pa_werkbreedte-cm-245-de","23":"pa_werkbreedte-cm-270-de","24":"pa_werkbreedte-cm-300-de","26":"first","27":"instock","28":"shipping-taxable","29":"product-type-simple"},"acf":[],"yoast_head":"<!-- This site is optimized with the Yoast SEO plugin v27.4 - https:\/\/yoast.com\/product\/yoast-seo-wordpress\/ -->\n<title>KR-Serie, Schlegelmulcher f\u00fcr Front- und Heckanbau - PERFECT - Van Wamel<\/title>\n<meta name=\"robots\" content=\"index, follow, max-snippet:-1, max-image-preview:large, max-video-preview:-1\" \/>\n<link rel=\"canonical\" href=\"https:\/\/www.perfectvanwamel.com\/de\/produkt\/schlegelmulcher-kr-serie\/\" \/>\n<meta property=\"og:locale\" content=\"de_DE\" \/>\n<meta property=\"og:type\" content=\"article\" \/>\n<meta property=\"og:title\" content=\"KR-Serie, Schlegelmulcher f\u00fcr Front- und Heckanbau - PERFECT - Van Wamel\" \/>\n<meta property=\"og:description\" content=\"Der KR ist ein sehr robuster Schlegelmulcher mit Arbeitsbreiten bis 3\u00a0m. Er ist sowohl f\u00fcr den Front- als auch f\u00fcr den Heckanbau geeignet. Dank des serienm\u00e4\u00dfig vorhandenen Hydraulikauslegers kann dieser Mulcher auch gr\u00f6\u00dfere Breiten abdecken.\" \/>\n<meta property=\"og:url\" content=\"https:\/\/www.perfectvanwamel.com\/de\/produkt\/schlegelmulcher-kr-serie\/\" \/>\n<meta property=\"og:site_name\" content=\"PERFECT - Van Wamel\" \/>\n<meta property=\"article:modified_time\" content=\"2022-11-30T20:44:22+00:00\" \/>\n<meta property=\"og:image\" content=\"https:\/\/staging.perfectvanwamel.com\/wp-content\/uploads\/2020\/04\/01-PERFECT-klepelmaaier-KR-aan-trekker.jpg\" \/>\n\t<meta property=\"og:image:width\" content=\"1516\" \/>\n\t<meta property=\"og:image:height\" content=\"1178\" \/>\n\t<meta property=\"og:image:type\" content=\"image\/jpeg\" \/>\n<meta name=\"twitter:card\" content=\"summary_large_image\" \/>\n<script type=\"application\/ld+json\" class=\"yoast-schema-graph\">{\"@context\":\"https:\\\/\\\/schema.org\",\"@graph\":[{\"@type\":\"WebPage\",\"@id\":\"https:\\\/\\\/www.perfectvanwamel.com\\\/de\\\/produkt\\\/schlegelmulcher-kr-serie\\\/\",\"url\":\"https:\\\/\\\/www.perfectvanwamel.com\\\/de\\\/produkt\\\/schlegelmulcher-kr-serie\\\/\",\"name\":\"KR-Serie, Schlegelmulcher f\u00fcr Front- und Heckanbau - PERFECT - Van Wamel\",\"isPartOf\":{\"@id\":\"https:\\\/\\\/www.perfectvanwamel.com\\\/de\\\/#website\"},\"primaryImageOfPage\":{\"@id\":\"https:\\\/\\\/www.perfectvanwamel.com\\\/de\\\/produkt\\\/schlegelmulcher-kr-serie\\\/#primaryimage\"},\"image\":{\"@id\":\"https:\\\/\\\/www.perfectvanwamel.com\\\/de\\\/produkt\\\/schlegelmulcher-kr-serie\\\/#primaryimage\"},\"thumbnailUrl\":\"https:\\\/\\\/www.perfectvanwamel.com\\\/wp-content\\\/uploads\\\/2020\\\/04\\\/KR-vrijstaand.png\",\"datePublished\":\"2020-04-28T05:52:17+00:00\",\"dateModified\":\"2022-11-30T20:44:22+00:00\",\"breadcrumb\":{\"@id\":\"https:\\\/\\\/www.perfectvanwamel.com\\\/de\\\/produkt\\\/schlegelmulcher-kr-serie\\\/#breadcrumb\"},\"inLanguage\":\"de\",\"potentialAction\":[{\"@type\":\"ReadAction\",\"target\":[\"https:\\\/\\\/www.perfectvanwamel.com\\\/de\\\/produkt\\\/schlegelmulcher-kr-serie\\\/\"]}]},{\"@type\":\"ImageObject\",\"inLanguage\":\"de\",\"@id\":\"https:\\\/\\\/www.perfectvanwamel.com\\\/de\\\/produkt\\\/schlegelmulcher-kr-serie\\\/#primaryimage\",\"url\":\"https:\\\/\\\/www.perfectvanwamel.com\\\/wp-content\\\/uploads\\\/2020\\\/04\\\/KR-vrijstaand.png\",\"contentUrl\":\"https:\\\/\\\/www.perfectvanwamel.com\\\/wp-content\\\/uploads\\\/2020\\\/04\\\/KR-vrijstaand.png\",\"width\":2000,\"height\":1333,\"caption\":\"KR vrijstaand\"},{\"@type\":\"BreadcrumbList\",\"@id\":\"https:\\\/\\\/www.perfectvanwamel.com\\\/de\\\/produkt\\\/schlegelmulcher-kr-serie\\\/#breadcrumb\",\"itemListElement\":[{\"@type\":\"ListItem\",\"position\":1,\"name\":\"Home\",\"item\":\"https:\\\/\\\/staging.perfectvanwamel.com\\\/de\\\/\"},{\"@type\":\"ListItem\",\"position\":2,\"name\":\"Produkte\",\"item\":\"https:\\\/\\\/www.perfectvanwamel.com\\\/de\\\/technologie\\\/\"},{\"@type\":\"ListItem\",\"position\":3,\"name\":\"KR-Serie, Schlegelmulcher f\u00fcr Front- und Heckanbau\"}]},{\"@type\":\"WebSite\",\"@id\":\"https:\\\/\\\/www.perfectvanwamel.com\\\/de\\\/#website\",\"url\":\"https:\\\/\\\/www.perfectvanwamel.com\\\/de\\\/\",\"name\":\"PERFECT - Van Wamel\",\"description\":\"\",\"potentialAction\":[{\"@type\":\"SearchAction\",\"target\":{\"@type\":\"EntryPoint\",\"urlTemplate\":\"https:\\\/\\\/www.perfectvanwamel.com\\\/de\\\/?s={search_term_string}\"},\"query-input\":{\"@type\":\"PropertyValueSpecification\",\"valueRequired\":true,\"valueName\":\"search_term_string\"}}],\"inLanguage\":\"de\"}]}<\/script>\n<!-- \/ Yoast SEO plugin. -->","yoast_head_json":{"title":"KR-Serie, Schlegelmulcher f\u00fcr Front- und Heckanbau - PERFECT - Van Wamel","robots":{"index":"index","follow":"follow","max-snippet":"max-snippet:-1","max-image-preview":"max-image-preview:large","max-video-preview":"max-video-preview:-1"},"canonical":"https:\/\/www.perfectvanwamel.com\/de\/produkt\/schlegelmulcher-kr-serie\/","og_locale":"de_DE","og_type":"article","og_title":"KR-Serie, Schlegelmulcher f\u00fcr Front- und Heckanbau - PERFECT - Van Wamel","og_description":"Der KR ist ein sehr robuster Schlegelmulcher mit Arbeitsbreiten bis 3\u00a0m. Er ist sowohl f\u00fcr den Front- als auch f\u00fcr den Heckanbau geeignet. Dank des serienm\u00e4\u00dfig vorhandenen Hydraulikauslegers kann dieser Mulcher auch gr\u00f6\u00dfere Breiten abdecken.","og_url":"https:\/\/www.perfectvanwamel.com\/de\/produkt\/schlegelmulcher-kr-serie\/","og_site_name":"PERFECT - Van Wamel","article_modified_time":"2022-11-30T20:44:22+00:00","og_image":[{"width":1516,"height":1178,"url":"https:\/\/staging.perfectvanwamel.com\/wp-content\/uploads\/2020\/04\/01-PERFECT-klepelmaaier-KR-aan-trekker.jpg","type":"image\/jpeg"}],"twitter_card":"summary_large_image","schema":{"@context":"https:\/\/schema.org","@graph":[{"@type":"WebPage","@id":"https:\/\/www.perfectvanwamel.com\/de\/produkt\/schlegelmulcher-kr-serie\/","url":"https:\/\/www.perfectvanwamel.com\/de\/produkt\/schlegelmulcher-kr-serie\/","name":"KR-Serie, Schlegelmulcher f\u00fcr Front- und Heckanbau - PERFECT - Van Wamel","isPartOf":{"@id":"https:\/\/www.perfectvanwamel.com\/de\/#website"},"primaryImageOfPage":{"@id":"https:\/\/www.perfectvanwamel.com\/de\/produkt\/schlegelmulcher-kr-serie\/#primaryimage"},"image":{"@id":"https:\/\/www.perfectvanwamel.com\/de\/produkt\/schlegelmulcher-kr-serie\/#primaryimage"},"thumbnailUrl":"https:\/\/www.perfectvanwamel.com\/wp-content\/uploads\/2020\/04\/KR-vrijstaand.png","datePublished":"2020-04-28T05:52:17+00:00","dateModified":"2022-11-30T20:44:22+00:00","breadcrumb":{"@id":"https:\/\/www.perfectvanwamel.com\/de\/produkt\/schlegelmulcher-kr-serie\/#breadcrumb"},"inLanguage":"de","potentialAction":[{"@type":"ReadAction","target":["https:\/\/www.perfectvanwamel.com\/de\/produkt\/schlegelmulcher-kr-serie\/"]}]},{"@type":"ImageObject","inLanguage":"de","@id":"https:\/\/www.perfectvanwamel.com\/de\/produkt\/schlegelmulcher-kr-serie\/#primaryimage","url":"https:\/\/www.perfectvanwamel.com\/wp-content\/uploads\/2020\/04\/KR-vrijstaand.png","contentUrl":"https:\/\/www.perfectvanwamel.com\/wp-content\/uploads\/2020\/04\/KR-vrijstaand.png","width":2000,"height":1333,"caption":"KR vrijstaand"},{"@type":"BreadcrumbList","@id":"https:\/\/www.perfectvanwamel.com\/de\/produkt\/schlegelmulcher-kr-serie\/#breadcrumb","itemListElement":[{"@type":"ListItem","position":1,"name":"Home","item":"https:\/\/staging.perfectvanwamel.com\/de\/"},{"@type":"ListItem","position":2,"name":"Produkte","item":"https:\/\/www.perfectvanwamel.com\/de\/technologie\/"},{"@type":"ListItem","position":3,"name":"KR-Serie, Schlegelmulcher f\u00fcr Front- und Heckanbau"}]},{"@type":"WebSite","@id":"https:\/\/www.perfectvanwamel.com\/de\/#website","url":"https:\/\/www.perfectvanwamel.com\/de\/","name":"PERFECT - Van Wamel","description":"","potentialAction":[{"@type":"SearchAction","target":{"@type":"EntryPoint","urlTemplate":"https:\/\/www.perfectvanwamel.com\/de\/?s={search_term_string}"},"query-input":{"@type":"PropertyValueSpecification","valueRequired":true,"valueName":"search_term_string"}}],"inLanguage":"de"}]}},"_links":{"self":[{"href":"https:\/\/www.perfectvanwamel.com\/de\/wp-json\/wp\/v2\/product\/5577","targetHints":{"allow":["GET"]}}],"collection":[{"href":"https:\/\/www.perfectvanwamel.com\/de\/wp-json\/wp\/v2\/product"}],"about":[{"href":"https:\/\/www.perfectvanwamel.com\/de\/wp-json\/wp\/v2\/types\/product"}],"wp:featuredmedia":[{"embeddable":true,"href":"https:\/\/www.perfectvanwamel.com\/de\/wp-json\/wp\/v2\/media\/13273"}],"wp:attachment":[{"href":"https:\/\/www.perfectvanwamel.com\/de\/wp-json\/wp\/v2\/media?parent=5577"}],"wp:term":[{"taxonomy":"product_brand","embeddable":true,"href":"https:\/\/www.perfectvanwamel.com\/de\/wp-json\/wp\/v2\/product_brand?post=5577"},{"taxonomy":"product_cat","embeddable":true,"href":"https:\/\/www.perfectvanwamel.com\/de\/wp-json\/wp\/v2\/product_cat?post=5577"},{"taxonomy":"product_tag","embeddable":true,"href":"https:\/\/www.perfectvanwamel.com\/de\/wp-json\/wp\/v2\/product_tag?post=5577"}],"curies":[{"name":"wp","href":"https:\/\/api.w.org\/{rel}","templated":true}]}}

KR-Serie, Schlegelmulcher für Front- und Heckanbau

<p>Der KR ist mit einem schweren Antrieb mit 1000 Umdrehungen ausgerüstet. Durch die automatische Keilriemenspannung kann die Maschine mit hoher, dauerhaft verfügbarer Leistung aufwarten.</p>
<p>Dieser Schlegelmulcher ist serienmäßig mit 0,9 kg schweren Schlegeln ausgestattet, kann aber auch mit Flex-Schlegeln geliefert werden, die ausgezeichneten Schutz vor Schäden durch Steine und andere Objekte bieten.</p>
<p>Die Schlegelwelle ist zweifach ausgewuchtet und damit weitestgehend vor Unwucht geschützt – was natürlich die Lebensdauer der Lager und der Maschine als Ganzes verlängert.</p>

<p>Der KR ist ein sehr robuster Schlegelmulcher mit Arbeitsbreiten bis 3 m. Er ist sowohl für den Front- als auch für den Heckanbau geeignet. Dank des serienmäßig vorhandenen Hydraulikauslegers kann dieser Mulcher auch größere Breiten abdecken.</p>

<!-- This site is optimized with the Yoast SEO plugin v27.4 - https://yoast.com/product/yoast-seo-wordpress/ -->
<title>KR-Serie, Schlegelmulcher für Front- und Heckanbau - PERFECT - Van Wamel</title>
<meta name="robots" content="index, follow, max-snippet:-1, max-image-preview:large, max-video-preview:-1" />
<link rel="canonical" href="https://www.perfectvanwamel.com/de/produkt/schlegelmulcher-kr-serie/" />
<meta property="og:locale" content="de_DE" />
<meta property="og:type" content="article" />
<meta property="og:title" content="KR-Serie, Schlegelmulcher für Front- und Heckanbau - PERFECT - Van Wamel" />
<meta property="og:description" content="Der KR ist ein sehr robuster Schlegelmulcher mit Arbeitsbreiten bis 3 m. Er ist sowohl für den Front- als auch für den Heckanbau geeignet. Dank des serienmäßig vorhandenen Hydraulikauslegers kann dieser Mulcher auch größere Breiten abdecken." />
<meta property="og:url" content="https://www.perfectvanwamel.com/de/produkt/schlegelmulcher-kr-serie/" />
<meta property="og:site_name" content="PERFECT - Van Wamel" />
<meta property="article:modified_time" content="2022-11-30T20:44:22+00:00" />
<meta property="og:image" content="https://staging.perfectvanwamel.com/wp-content/uploads/2020/04/01-PERFECT-klepelmaaier-KR-aan-trekker.jpg" />
	<meta property="og:image:width" content="1516" />
	<meta property="og:image:height" content="1178" />
	<meta property="og:image:type" content="image/jpeg" />
<meta name="twitter:card" content="summary_large_image" />
<script type="application/ld+json" class="yoast-schema-graph">{"@context":"https:\/\/schema.org","@graph":[{"@type":"WebPage","@id":"https:\/\/www.perfectvanwamel.com\/de\/produkt\/schlegelmulcher-kr-serie\/","url":"https:\/\/www.perfectvanwamel.com\/de\/produkt\/schlegelmulcher-kr-serie\/","name":"KR-Serie, Schlegelmulcher für Front- und Heckanbau - PERFECT - Van Wamel","isPartOf":{"@id":"https:\/\/www.perfectvanwamel.com\/de\/#website"},"primaryImageOfPage":{"@id":"https:\/\/www.perfectvanwamel.com\/de\/produkt\/schlegelmulcher-kr-serie\/#primaryimage"},"image":{"@id":"https:\/\/www.perfectvanwamel.com\/de\/produkt\/schlegelmulcher-kr-serie\/#primaryimage"},"thumbnailUrl":"https:\/\/www.perfectvanwamel.com\/wp-content\/uploads\/2020\/04\/KR-vrijstaand.png","datePublished":"2020-04-28T05:52:17+00:00","dateModified":"2022-11-30T20:44:22+00:00","breadcrumb":{"@id":"https:\/\/www.perfectvanwamel.com\/de\/produkt\/schlegelmulcher-kr-serie\/#breadcrumb"},"inLanguage":"de","potentialAction":[{"@type":"ReadAction","target":["https:\/\/www.perfectvanwamel.com\/de\/produkt\/schlegelmulcher-kr-serie\/"]}]},{"@type":"ImageObject","inLanguage":"de","@id":"https:\/\/www.perfectvanwamel.com\/de\/produkt\/schlegelmulcher-kr-serie\/#primaryimage","url":"https:\/\/www.perfectvanwamel.com\/wp-content\/uploads\/2020\/04\/KR-vrijstaand.png","contentUrl":"https:\/\/www.perfectvanwamel.com\/wp-content\/uploads\/2020\/04\/KR-vrijstaand.png","width":2000,"height":1333,"caption":"KR vrijstaand"},{"@type":"BreadcrumbList","@id":"https:\/\/www.perfectvanwamel.com\/de\/produkt\/schlegelmulcher-kr-serie\/#breadcrumb","itemListElement":[{"@type":"ListItem","position":1,"name":"Home","item":"https:\/\/staging.perfectvanwamel.com\/de\/"},{"@type":"ListItem","position":2,"name":"Produkte","item":"https:\/\/www.perfectvanwamel.com\/de\/technologie\/"},{"@type":"ListItem","position":3,"name":"KR-Serie, Schlegelmulcher für Front- und Heckanbau"}]},{"@type":"WebSite","@id":"https:\/\/www.perfectvanwamel.com\/de\/#website","url":"https:\/\/www.perfectvanwamel.com\/de\/","name":"PERFECT - Van Wamel","description":"","potentialAction":[{"@type":"SearchAction","target":{"@type":"EntryPoint","urlTemplate":"https:\/\/www.perfectvanwamel.com\/de\/?s={search_term_string}"},"query-input":{"@type":"PropertyValueSpecification","valueRequired":true,"valueName":"search_term_string"}}],"inLanguage":"de"}]}</script>
<!-- / Yoast SEO plugin. -->

KR-Serie, Schlegelmulcher für Front- und Heckanbau - PERFECT - Van Wamel

Der KR ist ein sehr robuster Schlegelmulcher mit Arbeitsbreiten bis 3 m. Er ist sowohl für den Front- als auch für den Heckanbau geeignet. Dank des serienmäßig vorhandenen Hydraulikauslegers kann dieser Mulcher auch größere Breiten abdecken.
