{"id":6436,"date":"2019-12-03T13:01:53","date_gmt":"2019-12-03T12:01:53","guid":{"rendered":"https:\/\/www.perfectvanwamel.com\/product\/tondeuse-serie-tkf\/"},"modified":"2020-10-30T20:36:11","modified_gmt":"2020-10-30T19:36:11","slug":"tondeuse-serie-tkf","status":"publish","type":"product","link":"https:\/\/www.perfectvanwamel.com\/fr\/produit\/tondeuse-serie-tkf\/","title":{"rendered":"Tondeuse frontal, extra compact, s\u00e9rie TKF"},"content":{"rendered":"<p>Gr\u00e2ce \u00e0 un entra\u00eenement tr\u00e8s ing\u00e9nieux, les couteaux ont divers sens de rotation ; la r\u00e9partition optimale de l\u2019herbe fauch\u00e9e donne \u00e0 cette machine une excellente capacit\u00e9, surtout pour une faucheuse aussi compacte.<br \/>\n<strong><br \/>\n<\/strong>Cette faucheuse convient \u00e9galement pour les tracteurs dot\u00e9s d\u2019un dispositif d\u2019inversion du sens de la marche ; la bo\u00eete \u00e0 engrenages sp\u00e9ciale corrige automatiquement le sens de rotation de la prise de force. La TKF convient donc r\u00e9ellement pour tous les tracteurs \u00e9troits.<\/p>\n","protected":false},"excerpt":{"rendered":"<p>La faucheuse TKF pour vergers a \u00e9t\u00e9 sp\u00e9cialement con\u00e7ue pour une utilisation dans les vergers et vignobles modernes. Les couteaux plus courts sur montage court et l\u2019attelage frontal unique permettent un montage extr\u00eamement court de la faucheuse TKF sur chaque tracteur \u00e9troit. Il est ainsi possible de man\u0153uvrer sans aucune difficult\u00e9 dans tous les vergers ou vignobles, par exemple en combinant fauchage et sulfatage.<br \/>\nLa TKF est livrable avec des largeurs de travail de 2,00 \u00e0 2,60 m\u00e8tres.<\/p>\n<p>&nbsp;<\/p>\n","protected":false},"featured_media":28353,"template":"","meta":{"_acf_changed":false},"product_brand":[],"product_cat":[1826],"product_tag":[],"class_list":{"0":"post-6436","1":"product","2":"type-product","3":"status-publish","4":"has-post-thumbnail","6":"product_cat-faucheuses-arboricoles","7":"pa_aantal-maaimessen-4-fr","8":"pa_denkende-schijf-nee-fr","9":"pa_gewicht-kg-480-fr","10":"pa_gewicht-kg-560-fr","11":"pa_gewicht-kg-640-fr","12":"pa_lengte-looprol-cm-74-fr","13":"pa_maaihoogte-cm-4-10-fr","14":"pa_min-benodigd-vermogen-kw-pk-34-35-fr","15":"pa_min-benodigd-vermogen-kw-pk-36-50-fr","16":"pa_min-benodigd-vermogen-kw-pk-46-60-fr","17":"pa_transportbreedte-cm-205-fr","18":"pa_transportbreedte-cm-235-fr","19":"pa_transportbreedte-cm-265-fr","20":"pa_werkbreedte-cm-200-fr","21":"pa_werkbreedte-cm-230-fr","22":"pa_werkbreedte-cm-260-fr","24":"first","25":"instock","26":"shipping-taxable","27":"product-type-simple"},"acf":[],"yoast_head":"<!-- This site is optimized with the Yoast SEO plugin v27.5 - https:\/\/yoast.com\/product\/yoast-seo-wordpress\/ -->\n<title>Tondeuse frontal extra compacte - PERFECT - Van Wamel<\/title>\n<meta name=\"description\" content=\"Tondeuse frontale unique avec des lames plus courtes et une attelage flexible. Attachement extr\u00eamement court \u00e0 tout tracteur arboricole. Rayon de braquage tr\u00e8s court.\" \/>\n<meta name=\"robots\" content=\"index, follow, max-snippet:-1, max-image-preview:large, max-video-preview:-1\" \/>\n<link rel=\"canonical\" href=\"https:\/\/www.perfectvanwamel.com\/fr\/produit\/tondeuse-serie-tkf\/\" \/>\n<meta property=\"og:locale\" content=\"fr_FR\" \/>\n<meta property=\"og:type\" content=\"article\" \/>\n<meta property=\"og:title\" content=\"Tondeuse frontal extra compacte - PERFECT - Van Wamel\" \/>\n<meta property=\"og:description\" content=\"Tondeuse frontale unique avec des lames plus courtes et une attelage flexible. Attachement extr\u00eamement court \u00e0 tout tracteur arboricole. Rayon de braquage tr\u00e8s court.\" \/>\n<meta property=\"og:url\" content=\"https:\/\/www.perfectvanwamel.com\/fr\/produit\/tondeuse-serie-tkf\/\" \/>\n<meta property=\"og:site_name\" content=\"PERFECT - Van Wamel\" \/>\n<meta property=\"article:modified_time\" content=\"2020-10-30T19:36:11+00:00\" \/>\n<meta name=\"twitter:card\" content=\"summary_large_image\" \/>\n<script type=\"application\/ld+json\" class=\"yoast-schema-graph\">{\"@context\":\"https:\\\/\\\/schema.org\",\"@graph\":[{\"@type\":\"WebPage\",\"@id\":\"https:\\\/\\\/www.perfectvanwamel.com\\\/fr\\\/produit\\\/tondeuse-serie-tkf\\\/\",\"url\":\"https:\\\/\\\/www.perfectvanwamel.com\\\/fr\\\/produit\\\/tondeuse-serie-tkf\\\/\",\"name\":\"Tondeuse frontal extra compacte - PERFECT - Van Wamel\",\"isPartOf\":{\"@id\":\"https:\\\/\\\/www.perfectvanwamel.com\\\/fr\\\/#website\"},\"primaryImageOfPage\":{\"@id\":\"https:\\\/\\\/www.perfectvanwamel.com\\\/fr\\\/produit\\\/tondeuse-serie-tkf\\\/#primaryimage\"},\"image\":{\"@id\":\"https:\\\/\\\/www.perfectvanwamel.com\\\/fr\\\/produit\\\/tondeuse-serie-tkf\\\/#primaryimage\"},\"thumbnailUrl\":\"https:\\\/\\\/www.perfectvanwamel.com\\\/wp-content\\\/uploads\\\/2019\\\/12\\\/TKF.jpg\",\"datePublished\":\"2019-12-03T12:01:53+00:00\",\"dateModified\":\"2020-10-30T19:36:11+00:00\",\"description\":\"Tondeuse frontale unique avec des lames plus courtes et une attelage flexible. Attachement extr\u00eamement court \u00e0 tout tracteur arboricole. Rayon de braquage tr\u00e8s court.\",\"breadcrumb\":{\"@id\":\"https:\\\/\\\/www.perfectvanwamel.com\\\/fr\\\/produit\\\/tondeuse-serie-tkf\\\/#breadcrumb\"},\"inLanguage\":\"fr-FR\",\"potentialAction\":[{\"@type\":\"ReadAction\",\"target\":[\"https:\\\/\\\/www.perfectvanwamel.com\\\/fr\\\/produit\\\/tondeuse-serie-tkf\\\/\"]}]},{\"@type\":\"ImageObject\",\"inLanguage\":\"fr-FR\",\"@id\":\"https:\\\/\\\/www.perfectvanwamel.com\\\/fr\\\/produit\\\/tondeuse-serie-tkf\\\/#primaryimage\",\"url\":\"https:\\\/\\\/www.perfectvanwamel.com\\\/wp-content\\\/uploads\\\/2019\\\/12\\\/TKF.jpg\",\"contentUrl\":\"https:\\\/\\\/www.perfectvanwamel.com\\\/wp-content\\\/uploads\\\/2019\\\/12\\\/TKF.jpg\",\"width\":1772,\"height\":1182},{\"@type\":\"BreadcrumbList\",\"@id\":\"https:\\\/\\\/www.perfectvanwamel.com\\\/fr\\\/produit\\\/tondeuse-serie-tkf\\\/#breadcrumb\",\"itemListElement\":[{\"@type\":\"ListItem\",\"position\":1,\"name\":\"Home\",\"item\":\"https:\\\/\\\/staging.perfectvanwamel.com\\\/fr\\\/\"},{\"@type\":\"ListItem\",\"position\":2,\"name\":\"Produits\",\"item\":\"https:\\\/\\\/www.perfectvanwamel.com\\\/fr\\\/technologie\\\/\"},{\"@type\":\"ListItem\",\"position\":3,\"name\":\"Tondeuse frontal, extra compact, s\u00e9rie TKF\"}]},{\"@type\":\"WebSite\",\"@id\":\"https:\\\/\\\/www.perfectvanwamel.com\\\/fr\\\/#website\",\"url\":\"https:\\\/\\\/www.perfectvanwamel.com\\\/fr\\\/\",\"name\":\"PERFECT - Van Wamel\",\"description\":\"\",\"potentialAction\":[{\"@type\":\"SearchAction\",\"target\":{\"@type\":\"EntryPoint\",\"urlTemplate\":\"https:\\\/\\\/www.perfectvanwamel.com\\\/fr\\\/?s={search_term_string}\"},\"query-input\":{\"@type\":\"PropertyValueSpecification\",\"valueRequired\":true,\"valueName\":\"search_term_string\"}}],\"inLanguage\":\"fr-FR\"}]}<\/script>\n<!-- \/ Yoast SEO plugin. -->","yoast_head_json":{"title":"Tondeuse frontal extra compacte - PERFECT - Van Wamel","description":"Tondeuse frontale unique avec des lames plus courtes et une attelage flexible. Attachement extr\u00eamement court \u00e0 tout tracteur arboricole. Rayon de braquage tr\u00e8s court.","robots":{"index":"index","follow":"follow","max-snippet":"max-snippet:-1","max-image-preview":"max-image-preview:large","max-video-preview":"max-video-preview:-1"},"canonical":"https:\/\/www.perfectvanwamel.com\/fr\/produit\/tondeuse-serie-tkf\/","og_locale":"fr_FR","og_type":"article","og_title":"Tondeuse frontal extra compacte - PERFECT - Van Wamel","og_description":"Tondeuse frontale unique avec des lames plus courtes et une attelage flexible. Attachement extr\u00eamement court \u00e0 tout tracteur arboricole. Rayon de braquage tr\u00e8s court.","og_url":"https:\/\/www.perfectvanwamel.com\/fr\/produit\/tondeuse-serie-tkf\/","og_site_name":"PERFECT - Van Wamel","article_modified_time":"2020-10-30T19:36:11+00:00","twitter_card":"summary_large_image","schema":{"@context":"https:\/\/schema.org","@graph":[{"@type":"WebPage","@id":"https:\/\/www.perfectvanwamel.com\/fr\/produit\/tondeuse-serie-tkf\/","url":"https:\/\/www.perfectvanwamel.com\/fr\/produit\/tondeuse-serie-tkf\/","name":"Tondeuse frontal extra compacte - PERFECT - Van Wamel","isPartOf":{"@id":"https:\/\/www.perfectvanwamel.com\/fr\/#website"},"primaryImageOfPage":{"@id":"https:\/\/www.perfectvanwamel.com\/fr\/produit\/tondeuse-serie-tkf\/#primaryimage"},"image":{"@id":"https:\/\/www.perfectvanwamel.com\/fr\/produit\/tondeuse-serie-tkf\/#primaryimage"},"thumbnailUrl":"https:\/\/www.perfectvanwamel.com\/wp-content\/uploads\/2019\/12\/TKF.jpg","datePublished":"2019-12-03T12:01:53+00:00","dateModified":"2020-10-30T19:36:11+00:00","description":"Tondeuse frontale unique avec des lames plus courtes et une attelage flexible. Attachement extr\u00eamement court \u00e0 tout tracteur arboricole. Rayon de braquage tr\u00e8s court.","breadcrumb":{"@id":"https:\/\/www.perfectvanwamel.com\/fr\/produit\/tondeuse-serie-tkf\/#breadcrumb"},"inLanguage":"fr-FR","potentialAction":[{"@type":"ReadAction","target":["https:\/\/www.perfectvanwamel.com\/fr\/produit\/tondeuse-serie-tkf\/"]}]},{"@type":"ImageObject","inLanguage":"fr-FR","@id":"https:\/\/www.perfectvanwamel.com\/fr\/produit\/tondeuse-serie-tkf\/#primaryimage","url":"https:\/\/www.perfectvanwamel.com\/wp-content\/uploads\/2019\/12\/TKF.jpg","contentUrl":"https:\/\/www.perfectvanwamel.com\/wp-content\/uploads\/2019\/12\/TKF.jpg","width":1772,"height":1182},{"@type":"BreadcrumbList","@id":"https:\/\/www.perfectvanwamel.com\/fr\/produit\/tondeuse-serie-tkf\/#breadcrumb","itemListElement":[{"@type":"ListItem","position":1,"name":"Home","item":"https:\/\/staging.perfectvanwamel.com\/fr\/"},{"@type":"ListItem","position":2,"name":"Produits","item":"https:\/\/www.perfectvanwamel.com\/fr\/technologie\/"},{"@type":"ListItem","position":3,"name":"Tondeuse frontal, extra compact, s\u00e9rie TKF"}]},{"@type":"WebSite","@id":"https:\/\/www.perfectvanwamel.com\/fr\/#website","url":"https:\/\/www.perfectvanwamel.com\/fr\/","name":"PERFECT - Van Wamel","description":"","potentialAction":[{"@type":"SearchAction","target":{"@type":"EntryPoint","urlTemplate":"https:\/\/www.perfectvanwamel.com\/fr\/?s={search_term_string}"},"query-input":{"@type":"PropertyValueSpecification","valueRequired":true,"valueName":"search_term_string"}}],"inLanguage":"fr-FR"}]}},"_links":{"self":[{"href":"https:\/\/www.perfectvanwamel.com\/fr\/wp-json\/wp\/v2\/product\/6436","targetHints":{"allow":["GET"]}}],"collection":[{"href":"https:\/\/www.perfectvanwamel.com\/fr\/wp-json\/wp\/v2\/product"}],"about":[{"href":"https:\/\/www.perfectvanwamel.com\/fr\/wp-json\/wp\/v2\/types\/product"}],"wp:featuredmedia":[{"embeddable":true,"href":"https:\/\/www.perfectvanwamel.com\/fr\/wp-json\/wp\/v2\/media\/28353"}],"wp:attachment":[{"href":"https:\/\/www.perfectvanwamel.com\/fr\/wp-json\/wp\/v2\/media?parent=6436"}],"wp:term":[{"taxonomy":"product_brand","embeddable":true,"href":"https:\/\/www.perfectvanwamel.com\/fr\/wp-json\/wp\/v2\/product_brand?post=6436"},{"taxonomy":"product_cat","embeddable":true,"href":"https:\/\/www.perfectvanwamel.com\/fr\/wp-json\/wp\/v2\/product_cat?post=6436"},{"taxonomy":"product_tag","embeddable":true,"href":"https:\/\/www.perfectvanwamel.com\/fr\/wp-json\/wp\/v2\/product_tag?post=6436"}],"curies":[{"name":"wp","href":"https:\/\/api.w.org\/{rel}","templated":true}]}}

Tondeuse frontal, extra compact, série TKF

<p>Grâce à un entraînement très ingénieux, les couteaux ont divers sens de rotation ; la répartition optimale de l’herbe fauchée donne à cette machine une excellente capacité, surtout pour une faucheuse aussi compacte.<br />
<strong><br />
</strong>Cette faucheuse convient également pour les tracteurs dotés d’un dispositif d’inversion du sens de la marche ; la boîte à engrenages spéciale corrige automatiquement le sens de rotation de la prise de force. La TKF convient donc réellement pour tous les tracteurs étroits.</p>

<p>La faucheuse TKF pour vergers a été spécialement conçue pour une utilisation dans les vergers et vignobles modernes. Les couteaux plus courts sur montage court et l’attelage frontal unique permettent un montage extrêmement court de la faucheuse TKF sur chaque tracteur étroit. Il est ainsi possible de manœuvrer sans aucune difficulté dans tous les vergers ou vignobles, par exemple en combinant fauchage et sulfatage.<br />
La TKF est livrable avec des largeurs de travail de 2,00 à 2,60 mètres.</p>
<p>&nbsp;</p>

<!-- This site is optimized with the Yoast SEO plugin v27.5 - https://yoast.com/product/yoast-seo-wordpress/ -->
<title>Tondeuse frontal extra compacte - PERFECT - Van Wamel</title>
<meta name="description" content="Tondeuse frontale unique avec des lames plus courtes et une attelage flexible. Attachement extrêmement court à tout tracteur arboricole. Rayon de braquage très court." />
<meta name="robots" content="index, follow, max-snippet:-1, max-image-preview:large, max-video-preview:-1" />
<link rel="canonical" href="https://www.perfectvanwamel.com/fr/produit/tondeuse-serie-tkf/" />
<meta property="og:locale" content="fr_FR" />
<meta property="og:type" content="article" />
<meta property="og:title" content="Tondeuse frontal extra compacte - PERFECT - Van Wamel" />
<meta property="og:description" content="Tondeuse frontale unique avec des lames plus courtes et une attelage flexible. Attachement extrêmement court à tout tracteur arboricole. Rayon de braquage très court." />
<meta property="og:url" content="https://www.perfectvanwamel.com/fr/produit/tondeuse-serie-tkf/" />
<meta property="og:site_name" content="PERFECT - Van Wamel" />
<meta property="article:modified_time" content="2020-10-30T19:36:11+00:00" />
<meta name="twitter:card" content="summary_large_image" />
<script type="application/ld+json" class="yoast-schema-graph">{"@context":"https:\/\/schema.org","@graph":[{"@type":"WebPage","@id":"https:\/\/www.perfectvanwamel.com\/fr\/produit\/tondeuse-serie-tkf\/","url":"https:\/\/www.perfectvanwamel.com\/fr\/produit\/tondeuse-serie-tkf\/","name":"Tondeuse frontal extra compacte - PERFECT - Van Wamel","isPartOf":{"@id":"https:\/\/www.perfectvanwamel.com\/fr\/#website"},"primaryImageOfPage":{"@id":"https:\/\/www.perfectvanwamel.com\/fr\/produit\/tondeuse-serie-tkf\/#primaryimage"},"image":{"@id":"https:\/\/www.perfectvanwamel.com\/fr\/produit\/tondeuse-serie-tkf\/#primaryimage"},"thumbnailUrl":"https:\/\/www.perfectvanwamel.com\/wp-content\/uploads\/2019\/12\/TKF.jpg","datePublished":"2019-12-03T12:01:53+00:00","dateModified":"2020-10-30T19:36:11+00:00","description":"Tondeuse frontale unique avec des lames plus courtes et une attelage flexible. Attachement extrêmement court à tout tracteur arboricole. Rayon de braquage très court.","breadcrumb":{"@id":"https:\/\/www.perfectvanwamel.com\/fr\/produit\/tondeuse-serie-tkf\/#breadcrumb"},"inLanguage":"fr-FR","potentialAction":[{"@type":"ReadAction","target":["https:\/\/www.perfectvanwamel.com\/fr\/produit\/tondeuse-serie-tkf\/"]}]},{"@type":"ImageObject","inLanguage":"fr-FR","@id":"https:\/\/www.perfectvanwamel.com\/fr\/produit\/tondeuse-serie-tkf\/#primaryimage","url":"https:\/\/www.perfectvanwamel.com\/wp-content\/uploads\/2019\/12\/TKF.jpg","contentUrl":"https:\/\/www.perfectvanwamel.com\/wp-content\/uploads\/2019\/12\/TKF.jpg","width":1772,"height":1182},{"@type":"BreadcrumbList","@id":"https:\/\/www.perfectvanwamel.com\/fr\/produit\/tondeuse-serie-tkf\/#breadcrumb","itemListElement":[{"@type":"ListItem","position":1,"name":"Home","item":"https:\/\/staging.perfectvanwamel.com\/fr\/"},{"@type":"ListItem","position":2,"name":"Produits","item":"https:\/\/www.perfectvanwamel.com\/fr\/technologie\/"},{"@type":"ListItem","position":3,"name":"Tondeuse frontal, extra compact, série TKF"}]},{"@type":"WebSite","@id":"https:\/\/www.perfectvanwamel.com\/fr\/#website","url":"https:\/\/www.perfectvanwamel.com\/fr\/","name":"PERFECT - Van Wamel","description":"","potentialAction":[{"@type":"SearchAction","target":{"@type":"EntryPoint","urlTemplate":"https:\/\/www.perfectvanwamel.com\/fr\/?s={search_term_string}"},"query-input":{"@type":"PropertyValueSpecification","valueRequired":true,"valueName":"search_term_string"}}],"inLanguage":"fr-FR"}]}</script>
<!-- / Yoast SEO plugin. -->

Tondeuse frontale unique avec des lames plus courtes et une attelage flexible. Attachement extrêmement court à tout tracteur arboricole. Rayon de braquage très court.
